{"id":199,"date":"2014-07-06T10:43:57","date_gmt":"2014-07-06T10:43:57","guid":{"rendered":"http:\/\/flatsome.dev\/?post_type=product&#038;p=8263"},"modified":"2025-10-17T08:45:05","modified_gmt":"2025-10-17T08:45:05","slug":"matelas-moelleux","status":"publish","type":"product","link":"https:\/\/abidjanconfort.com\/?product=matelas-moelleux","title":{"rendered":"Matelas Morph\u00e9e"},"content":{"rendered":"<p>\u2022 Mousse HR Haute R\u00e9silience 45kg\/m3;<br \/>\n\u2022 Mousse HD Super Soft 35Kg\/m3;<br \/>\n\u2022 Mousse \u00e0 M\u00e9moire de Forme 55Kg\/m3;<br \/>\n\u2022 A\u00e9rateur Permanent ;<br \/>\n\u2022 Rev\u00eatement hypoallerg\u00e9nique antiacarien antibact\u00e9rien;<br \/>\n\u2022 \u00c9paisseur 27cm. <\/p>\n","protected":false},"excerpt":{"rendered":"<p>Le matelas Morph\u00e9e offre un confort moelleux avec une \u00e9paisseur de 27 cm, pour une sensation d&rsquo;enveloppement agr\u00e9able. Il est compos\u00e9 de plusieurs couches de mousses de haute qualit\u00e9 :<br \/>\nLa mousse HR (Haute R\u00e9silience) qui assure un soutien optimal et une durabilit\u00e9 exceptionnelle. Puis au dessus de celle-ci nous avons la mousse m\u00e9moire de forme (55 kg\/m3) qui \u00e9pouse parfaitement les contours du corps, r\u00e9duisant les points de pression, en particulier au niveau des \u00e9paules et des hanches.<br \/>\n\u00c9tant int\u00e9gr\u00e9e sur qu&rsquo;une seule face du matelas, la mousse \u00e0 m\u00e9moire de forme permet au matelas d\u2019avoir deux faces du matelas.<br \/>\nCelui-ci est \u00e9galement recouvert d&rsquo;un tissu respirant thermor\u00e9gulateur, qui aide \u00e0 r\u00e9guler la temp\u00e9rature et \u00e0 \u00e9vacuer l&rsquo;humidit\u00e9, offrant ainsi une nuit de sommeil agr\u00e9able et fra\u00eeche.<\/p>\n","protected":false},"featured_media":1569,"template":"","meta":[],"product_brand":[],"product_cat":[125],"product_tag":[],"class_list":{"0":"post-199","1":"product","2":"type-product","3":"status-publish","4":"has-post-thumbnail","6":"product_cat-matelas-luxe","8":"first","9":"instock","10":"shipping-taxable","11":"purchasable","12":"product-type-variable"},"yoast_head":"<!-- This site is optimized with the Yoast SEO plugin v27.5 - https:\/\/yoast.com\/product\/yoast-seo-wordpress\/ -->\n<title>Matelas Morph\u00e9e - abidjan confort<\/title>\n<meta name=\"description\" content=\"Le matelas Morph\u00e9e offre un confort moelleux avec une \u00e9paisseur de 27 cm, pour une sensation d&#039;enveloppement agr\u00e9able.\" \/>\n<meta name=\"robots\" content=\"index, follow, max-snippet:-1, max-image-preview:large, max-video-preview:-1\" \/>\n<link rel=\"canonical\" href=\"https:\/\/abidjanconfort.com\/?product=matelas-moelleux\" \/>\n<meta property=\"og:locale\" content=\"fr_FR\" \/>\n<meta property=\"og:type\" content=\"article\" \/>\n<meta property=\"og:title\" content=\"Matelas Morph\u00e9e - abidjan confort\" \/>\n<meta property=\"og:description\" content=\"Le matelas Morph\u00e9e offre un confort moelleux avec une \u00e9paisseur de 27 cm, pour une sensation d&#039;enveloppement agr\u00e9able.\" \/>\n<meta property=\"og:url\" content=\"https:\/\/abidjanconfort.com\/?product=matelas-moelleux\" \/>\n<meta property=\"og:site_name\" content=\"abidjan confort\" \/>\n<meta property=\"article:modified_time\" content=\"2025-10-17T08:45:05+00:00\" \/>\n<meta property=\"og:image\" content=\"https:\/\/abidjanconfort.com\/wp-content\/uploads\/2014\/08\/MORPHEE.jpg\" \/>\n\t<meta property=\"og:image:width\" content=\"1045\" \/>\n\t<meta property=\"og:image:height\" content=\"781\" \/>\n\t<meta property=\"og:image:type\" content=\"image\/jpeg\" \/>\n<meta name=\"twitter:label1\" content=\"Dur\u00e9e de lecture estim\u00e9e\" \/>\n\t<meta name=\"twitter:data1\" content=\"1 minute\" \/>\n<script type=\"application\/ld+json\" class=\"yoast-schema-graph\">{\"@context\":\"https:\\\/\\\/schema.org\",\"@graph\":[{\"@type\":\"WebPage\",\"@id\":\"https:\\\/\\\/abidjanconfort.com\\\/?product=matelas-moelleux\",\"url\":\"https:\\\/\\\/abidjanconfort.com\\\/?product=matelas-moelleux\",\"name\":\"Matelas Morph\u00e9e - abidjan confort\",\"isPartOf\":{\"@id\":\"https:\\\/\\\/abidjanconfort.com\\\/#website\"},\"primaryImageOfPage\":{\"@id\":\"https:\\\/\\\/abidjanconfort.com\\\/?product=matelas-moelleux#primaryimage\"},\"image\":{\"@id\":\"https:\\\/\\\/abidjanconfort.com\\\/?product=matelas-moelleux#primaryimage\"},\"thumbnailUrl\":\"https:\\\/\\\/abidjanconfort.com\\\/wp-content\\\/uploads\\\/2014\\\/08\\\/MORPHEE.jpg\",\"datePublished\":\"2014-07-06T10:43:57+00:00\",\"dateModified\":\"2025-10-17T08:45:05+00:00\",\"description\":\"Le matelas Morph\u00e9e offre un confort moelleux avec une \u00e9paisseur de 27 cm, pour une sensation d'enveloppement agr\u00e9able.\",\"breadcrumb\":{\"@id\":\"https:\\\/\\\/abidjanconfort.com\\\/?product=matelas-moelleux#breadcrumb\"},\"inLanguage\":\"fr-FR\",\"potentialAction\":[{\"@type\":\"ReadAction\",\"target\":[\"https:\\\/\\\/abidjanconfort.com\\\/?product=matelas-moelleux\"]}]},{\"@type\":\"ImageObject\",\"inLanguage\":\"fr-FR\",\"@id\":\"https:\\\/\\\/abidjanconfort.com\\\/?product=matelas-moelleux#primaryimage\",\"url\":\"https:\\\/\\\/abidjanconfort.com\\\/wp-content\\\/uploads\\\/2014\\\/08\\\/MORPHEE.jpg\",\"contentUrl\":\"https:\\\/\\\/abidjanconfort.com\\\/wp-content\\\/uploads\\\/2014\\\/08\\\/MORPHEE.jpg\",\"width\":1045,\"height\":781,\"caption\":\"Screenshot\"},{\"@type\":\"BreadcrumbList\",\"@id\":\"https:\\\/\\\/abidjanconfort.com\\\/?product=matelas-moelleux#breadcrumb\",\"itemListElement\":[{\"@type\":\"ListItem\",\"position\":1,\"name\":\"Accueil\",\"item\":\"https:\\\/\\\/abidjanconfort.com\\\/\"},{\"@type\":\"ListItem\",\"position\":2,\"name\":\"Boutique\",\"item\":\"https:\\\/\\\/abidjanconfort.com\\\/?page_id=93\"},{\"@type\":\"ListItem\",\"position\":3,\"name\":\"Matelas Morph\u00e9e\"}]},{\"@type\":\"WebSite\",\"@id\":\"https:\\\/\\\/abidjanconfort.com\\\/#website\",\"url\":\"https:\\\/\\\/abidjanconfort.com\\\/\",\"name\":\"EMMA MATELAS\",\"description\":\"\",\"publisher\":{\"@id\":\"https:\\\/\\\/abidjanconfort.com\\\/#organization\"},\"potentialAction\":[{\"@type\":\"SearchAction\",\"target\":{\"@type\":\"EntryPoint\",\"urlTemplate\":\"https:\\\/\\\/abidjanconfort.com\\\/?s={search_term_string}\"},\"query-input\":{\"@type\":\"PropertyValueSpecification\",\"valueRequired\":true,\"valueName\":\"search_term_string\"}}],\"inLanguage\":\"fr-FR\"},{\"@type\":\"Organization\",\"@id\":\"https:\\\/\\\/abidjanconfort.com\\\/#organization\",\"name\":\"EMMA MATELAS\",\"url\":\"https:\\\/\\\/abidjanconfort.com\\\/\",\"logo\":{\"@type\":\"ImageObject\",\"inLanguage\":\"fr-FR\",\"@id\":\"https:\\\/\\\/abidjanconfort.com\\\/#\\\/schema\\\/logo\\\/image\\\/\",\"url\":\"https:\\\/\\\/abidjanconfort.com\\\/wp-content\\\/uploads\\\/2014\\\/08\\\/cropped-soft-1.jpg\",\"contentUrl\":\"https:\\\/\\\/abidjanconfort.com\\\/wp-content\\\/uploads\\\/2014\\\/08\\\/cropped-soft-1.jpg\",\"width\":512,\"height\":512,\"caption\":\"EMMA MATELAS\"},\"image\":{\"@id\":\"https:\\\/\\\/abidjanconfort.com\\\/#\\\/schema\\\/logo\\\/image\\\/\"}}]}<\/script>\n<!-- \/ Yoast SEO plugin. -->","yoast_head_json":{"title":"Matelas Morph\u00e9e - abidjan confort","description":"Le matelas Morph\u00e9e offre un confort moelleux avec une \u00e9paisseur de 27 cm, pour une sensation d'enveloppement agr\u00e9able.","robots":{"index":"index","follow":"follow","max-snippet":"max-snippet:-1","max-image-preview":"max-image-preview:large","max-video-preview":"max-video-preview:-1"},"canonical":"https:\/\/abidjanconfort.com\/?product=matelas-moelleux","og_locale":"fr_FR","og_type":"article","og_title":"Matelas Morph\u00e9e - abidjan confort","og_description":"Le matelas Morph\u00e9e offre un confort moelleux avec une \u00e9paisseur de 27 cm, pour une sensation d'enveloppement agr\u00e9able.","og_url":"https:\/\/abidjanconfort.com\/?product=matelas-moelleux","og_site_name":"abidjan confort","article_modified_time":"2025-10-17T08:45:05+00:00","og_image":[{"width":1045,"height":781,"url":"https:\/\/abidjanconfort.com\/wp-content\/uploads\/2014\/08\/MORPHEE.jpg","type":"image\/jpeg"}],"twitter_misc":{"Dur\u00e9e de lecture estim\u00e9e":"1 minute"},"schema":{"@context":"https:\/\/schema.org","@graph":[{"@type":"WebPage","@id":"https:\/\/abidjanconfort.com\/?product=matelas-moelleux","url":"https:\/\/abidjanconfort.com\/?product=matelas-moelleux","name":"Matelas Morph\u00e9e - abidjan confort","isPartOf":{"@id":"https:\/\/abidjanconfort.com\/#website"},"primaryImageOfPage":{"@id":"https:\/\/abidjanconfort.com\/?product=matelas-moelleux#primaryimage"},"image":{"@id":"https:\/\/abidjanconfort.com\/?product=matelas-moelleux#primaryimage"},"thumbnailUrl":"https:\/\/abidjanconfort.com\/wp-content\/uploads\/2014\/08\/MORPHEE.jpg","datePublished":"2014-07-06T10:43:57+00:00","dateModified":"2025-10-17T08:45:05+00:00","description":"Le matelas Morph\u00e9e offre un confort moelleux avec une \u00e9paisseur de 27 cm, pour une sensation d'enveloppement agr\u00e9able.","breadcrumb":{"@id":"https:\/\/abidjanconfort.com\/?product=matelas-moelleux#breadcrumb"},"inLanguage":"fr-FR","potentialAction":[{"@type":"ReadAction","target":["https:\/\/abidjanconfort.com\/?product=matelas-moelleux"]}]},{"@type":"ImageObject","inLanguage":"fr-FR","@id":"https:\/\/abidjanconfort.com\/?product=matelas-moelleux#primaryimage","url":"https:\/\/abidjanconfort.com\/wp-content\/uploads\/2014\/08\/MORPHEE.jpg","contentUrl":"https:\/\/abidjanconfort.com\/wp-content\/uploads\/2014\/08\/MORPHEE.jpg","width":1045,"height":781,"caption":"Screenshot"},{"@type":"BreadcrumbList","@id":"https:\/\/abidjanconfort.com\/?product=matelas-moelleux#breadcrumb","itemListElement":[{"@type":"ListItem","position":1,"name":"Accueil","item":"https:\/\/abidjanconfort.com\/"},{"@type":"ListItem","position":2,"name":"Boutique","item":"https:\/\/abidjanconfort.com\/?page_id=93"},{"@type":"ListItem","position":3,"name":"Matelas Morph\u00e9e"}]},{"@type":"WebSite","@id":"https:\/\/abidjanconfort.com\/#website","url":"https:\/\/abidjanconfort.com\/","name":"EMMA MATELAS","description":"","publisher":{"@id":"https:\/\/abidjanconfort.com\/#organization"},"potentialAction":[{"@type":"SearchAction","target":{"@type":"EntryPoint","urlTemplate":"https:\/\/abidjanconfort.com\/?s={search_term_string}"},"query-input":{"@type":"PropertyValueSpecification","valueRequired":true,"valueName":"search_term_string"}}],"inLanguage":"fr-FR"},{"@type":"Organization","@id":"https:\/\/abidjanconfort.com\/#organization","name":"EMMA MATELAS","url":"https:\/\/abidjanconfort.com\/","logo":{"@type":"ImageObject","inLanguage":"fr-FR","@id":"https:\/\/abidjanconfort.com\/#\/schema\/logo\/image\/","url":"https:\/\/abidjanconfort.com\/wp-content\/uploads\/2014\/08\/cropped-soft-1.jpg","contentUrl":"https:\/\/abidjanconfort.com\/wp-content\/uploads\/2014\/08\/cropped-soft-1.jpg","width":512,"height":512,"caption":"EMMA MATELAS"},"image":{"@id":"https:\/\/abidjanconfort.com\/#\/schema\/logo\/image\/"}}]}},"_links":{"self":[{"href":"https:\/\/abidjanconfort.com\/index.php?rest_route=\/wp\/v2\/product\/199","targetHints":{"allow":["GET"]}}],"collection":[{"href":"https:\/\/abidjanconfort.com\/index.php?rest_route=\/wp\/v2\/product"}],"about":[{"href":"https:\/\/abidjanconfort.com\/index.php?rest_route=\/wp\/v2\/types\/product"}],"wp:featuredmedia":[{"embeddable":true,"href":"https:\/\/abidjanconfort.com\/index.php?rest_route=\/wp\/v2\/media\/1569"}],"wp:attachment":[{"href":"https:\/\/abidjanconfort.com\/index.php?rest_route=%2Fwp%2Fv2%2Fmedia&parent=199"}],"wp:term":[{"taxonomy":"product_brand","embeddable":true,"href":"https:\/\/abidjanconfort.com\/index.php?rest_route=%2Fwp%2Fv2%2Fproduct_brand&post=199"},{"taxonomy":"product_cat","embeddable":true,"href":"https:\/\/abidjanconfort.com\/index.php?rest_route=%2Fwp%2Fv2%2Fproduct_cat&post=199"},{"taxonomy":"product_tag","embeddable":true,"href":"https:\/\/abidjanconfort.com\/index.php?rest_route=%2Fwp%2Fv2%2Fproduct_tag&post=199"}],"curies":[{"name":"wp","href":"https:\/\/api.w.org\/{rel}","templated":true}]}}